{"id":155,"date":"2021-01-28T13:30:06","date_gmt":"2021-01-28T13:30:06","guid":{"rendered":"https:\/\/prueba.mobilco.es\/?page_id=155"},"modified":"2025-06-30T09:57:17","modified_gmt":"2025-06-30T09:57:17","slug":"mueblesbano","status":"publish","type":"page","link":"https:\/\/mobilco.es\/?page_id=155","title":{"rendered":"Muebles de Ba\u00f1o"},"content":{"rendered":"\t\t<div data-elementor-type=\"wp-post\" data-elementor-id=\"155\" class=\"elementor elementor-155\">\n\t\t\t\t\t\t<section class=\"elementor-section elementor-top-section elementor-element elementor-element-73f19eb elementor-section-stretched elementor-section-height-min-height elementor-section-boxed elementor-section-height-default elementor-section-items-middle\" data-id=\"73f19eb\" data-element_type=\"section\" data-settings=\"{&quot;stretch_section&quot;:&quot;section-stretched&quot;,&quot;background_background&quot;:&quot;classic&quot;}\">\n\t\t\t\t\t\t<div class=\"elementor-container elementor-column-gap-default\">\n\t\t\t\t\t<div class=\"aux-parallax-section elementor-column elementor-col-100 elementor-top-column elementor-element elementor-element-2f5d6eb aux-appear-watch-animation aux-fade-in-right\" data-id=\"2f5d6eb\" data-element_type=\"column\">\n\t\t\t<div class=\"elementor-widget-wrap elementor-element-populated\">\n\t\t\t\t\t\t<div class=\"elementor-element elementor-element-59a1228 elementor-widget elementor-widget-aux_modern_heading\" data-id=\"59a1228\" data-element_type=\"widget\" data-widget_type=\"aux_modern_heading.default\">\n\t\t\t\t<div class=\"elementor-widget-container\">\n\t\t\t\t\t<section class=\"aux-widget-modern-heading\">\n            <div class=\"aux-widget-inner\"><h2 class=\"aux-modern-heading-primary\">Muebles de Ba\u00f1o<\/h2><\/div>\n        <\/section>\t\t\t\t<\/div>\n\t\t\t\t<\/div>\n\t\t\t\t\t<\/div>\n\t\t<\/div>\n\t\t\t\t\t<\/div>\n\t\t<\/section>\n\t\t\t\t<section class=\"elementor-section elementor-top-section elementor-element elementor-element-749adada elementor-section-boxed elementor-section-height-default elementor-section-height-default\" data-id=\"749adada\" data-element_type=\"section\">\n\t\t\t\t\t\t<div class=\"elementor-container elementor-column-gap-default\">\n\t\t\t\t\t<div class=\"aux-parallax-section elementor-column elementor-col-100 elementor-top-column elementor-element elementor-element-81051d2\" data-id=\"81051d2\" data-element_type=\"column\">\n\t\t\t<div class=\"elementor-widget-wrap elementor-element-populated\">\n\t\t\t\t\t\t<div class=\"elementor-element elementor-element-03e8b1d gallery-spacing-custom elementor-widget elementor-widget-image-gallery\" data-id=\"03e8b1d\" data-element_type=\"widget\" data-widget_type=\"image-gallery.default\">\n\t\t\t\t<div class=\"elementor-widget-container\">\n\t\t\t\t\t\t\t<div class=\"elementor-image-gallery\">\n\t\t\t<div id='gallery-1' class='gallery galleryid-155 gallery-columns-3 gallery-size-medium_large'><figure class='gallery-item'>\n\t\t\t<div class='gallery-icon portrait'>\n\t\t\t\t<a data-elementor-open-lightbox=\"yes\" data-elementor-lightbox-slideshow=\"03e8b1d\" data-elementor-lightbox-title=\"ba\u00f1o-mobilco-dise\u00f1o\" data-e-action-hash=\"#elementor-action%3Aaction%3Dlightbox%26settings%3DeyJpZCI6OTE4LCJ1cmwiOiJodHRwczpcL1wvbW9iaWxjby5lc1wvd3AtY29udGVudFwvdXBsb2Fkc1wvMjAyNVwvMDZcL2Jhbm8tbW9iaWxjby1kaXNlbm8uanBnIiwic2xpZGVzaG93IjoiMDNlOGIxZCJ9\" href='https:\/\/mobilco.es\/wp-content\/uploads\/2025\/06\/bano-mobilco-diseno.jpg'><img fetchpriority=\"high\" decoding=\"async\" width=\"768\" height=\"768\" src=\"https:\/\/mobilco.es\/wp-content\/uploads\/2025\/06\/bano-mobilco-diseno-768x768.jpg\" class=\"attachment-medium_large size-medium_large\" alt=\"\" srcset=\"https:\/\/mobilco.es\/wp-content\/uploads\/2025\/06\/bano-mobilco-diseno-768x768.jpg 768w, https:\/\/mobilco.es\/wp-content\/uploads\/2025\/06\/bano-mobilco-diseno-300x300.jpg 300w, https:\/\/mobilco.es\/wp-content\/uploads\/2025\/06\/bano-mobilco-diseno-1024x1024.jpg 1024w, https:\/\/mobilco.es\/wp-content\/uploads\/2025\/06\/bano-mobilco-diseno-150x150.jpg 150w\" sizes=\"(max-width: 768px) 100vw, 768px\" \/><\/a>\n\t\t\t<\/div><\/figure><figure class='gallery-item'>\n\t\t\t<div class='gallery-icon portrait'>\n\t\t\t\t<a data-elementor-open-lightbox=\"yes\" data-elementor-lightbox-slideshow=\"03e8b1d\" data-elementor-lightbox-title=\"ba\u00f1o-mobilco-palilleria\" data-e-action-hash=\"#elementor-action%3Aaction%3Dlightbox%26settings%3DeyJpZCI6OTIzLCJ1cmwiOiJodHRwczpcL1wvbW9iaWxjby5lc1wvd3AtY29udGVudFwvdXBsb2Fkc1wvMjAyNVwvMDZcL2Jhbm8tbW9iaWxjby1wYWxpbGxlcmlhLS5qcGciLCJzbGlkZXNob3ciOiIwM2U4YjFkIn0%3D\" href='https:\/\/mobilco.es\/wp-content\/uploads\/2025\/06\/bano-mobilco-palilleria-.jpg'><img decoding=\"async\" width=\"768\" height=\"768\" src=\"https:\/\/mobilco.es\/wp-content\/uploads\/2025\/06\/bano-mobilco-palilleria--768x768.jpg\" class=\"attachment-medium_large size-medium_large\" alt=\"\" srcset=\"https:\/\/mobilco.es\/wp-content\/uploads\/2025\/06\/bano-mobilco-palilleria--768x768.jpg 768w, https:\/\/mobilco.es\/wp-content\/uploads\/2025\/06\/bano-mobilco-palilleria--300x300.jpg 300w, https:\/\/mobilco.es\/wp-content\/uploads\/2025\/06\/bano-mobilco-palilleria--1024x1024.jpg 1024w, https:\/\/mobilco.es\/wp-content\/uploads\/2025\/06\/bano-mobilco-palilleria--150x150.jpg 150w\" sizes=\"(max-width: 768px) 100vw, 768px\" \/><\/a>\n\t\t\t<\/div><\/figure><figure class='gallery-item'>\n\t\t\t<div class='gallery-icon portrait'>\n\t\t\t\t<a data-elementor-open-lightbox=\"yes\" data-elementor-lightbox-slideshow=\"03e8b1d\" data-elementor-lightbox-title=\"ba\u00f1o-mobilco-madera\" data-e-action-hash=\"#elementor-action%3Aaction%3Dlightbox%26settings%3DeyJpZCI6OTIxLCJ1cmwiOiJodHRwczpcL1wvbW9iaWxjby5lc1wvd3AtY29udGVudFwvdXBsb2Fkc1wvMjAyNVwvMDZcL2Jhbm8tbW9iaWxjby1tYWRlcmEuanBnIiwic2xpZGVzaG93IjoiMDNlOGIxZCJ9\" href='https:\/\/mobilco.es\/wp-content\/uploads\/2025\/06\/bano-mobilco-madera.jpg'><img decoding=\"async\" width=\"768\" height=\"768\" src=\"https:\/\/mobilco.es\/wp-content\/uploads\/2025\/06\/bano-mobilco-madera-768x768.jpg\" class=\"attachment-medium_large size-medium_large\" alt=\"\" srcset=\"https:\/\/mobilco.es\/wp-content\/uploads\/2025\/06\/bano-mobilco-madera-768x768.jpg 768w, https:\/\/mobilco.es\/wp-content\/uploads\/2025\/06\/bano-mobilco-madera-300x300.jpg 300w, https:\/\/mobilco.es\/wp-content\/uploads\/2025\/06\/bano-mobilco-madera-1024x1024.jpg 1024w, https:\/\/mobilco.es\/wp-content\/uploads\/2025\/06\/bano-mobilco-madera-150x150.jpg 150w\" sizes=\"(max-width: 768px) 100vw, 768px\" \/><\/a>\n\t\t\t<\/div><\/figure><figure class='gallery-item'>\n\t\t\t<div class='gallery-icon portrait'>\n\t\t\t\t<a data-elementor-open-lightbox=\"yes\" data-elementor-lightbox-slideshow=\"03e8b1d\" data-elementor-lightbox-title=\"ba\u00f1o-mobilco-gris-oscuro\" data-e-action-hash=\"#elementor-action%3Aaction%3Dlightbox%26settings%3DeyJpZCI6OTIwLCJ1cmwiOiJodHRwczpcL1wvbW9iaWxjby5lc1wvd3AtY29udGVudFwvdXBsb2Fkc1wvMjAyNVwvMDZcL2Jhbm8tbW9iaWxjby1ncmlzLW9zY3Vyby5qcGciLCJzbGlkZXNob3ciOiIwM2U4YjFkIn0%3D\" href='https:\/\/mobilco.es\/wp-content\/uploads\/2025\/06\/bano-mobilco-gris-oscuro.jpg'><img loading=\"lazy\" decoding=\"async\" width=\"768\" height=\"768\" src=\"https:\/\/mobilco.es\/wp-content\/uploads\/2025\/06\/bano-mobilco-gris-oscuro-768x768.jpg\" class=\"attachment-medium_large size-medium_large\" alt=\"\" srcset=\"https:\/\/mobilco.es\/wp-content\/uploads\/2025\/06\/bano-mobilco-gris-oscuro-768x768.jpg 768w, https:\/\/mobilco.es\/wp-content\/uploads\/2025\/06\/bano-mobilco-gris-oscuro-300x300.jpg 300w, https:\/\/mobilco.es\/wp-content\/uploads\/2025\/06\/bano-mobilco-gris-oscuro-1024x1024.jpg 1024w, https:\/\/mobilco.es\/wp-content\/uploads\/2025\/06\/bano-mobilco-gris-oscuro-150x150.jpg 150w\" sizes=\"(max-width: 768px) 100vw, 768px\" \/><\/a>\n\t\t\t<\/div><\/figure><figure class='gallery-item'>\n\t\t\t<div class='gallery-icon portrait'>\n\t\t\t\t<a data-elementor-open-lightbox=\"yes\" data-elementor-lightbox-slideshow=\"03e8b1d\" data-elementor-lightbox-title=\"ba\u00f1o-mobilco-gris-negro\" data-e-action-hash=\"#elementor-action%3Aaction%3Dlightbox%26settings%3DeyJpZCI6OTE5LCJ1cmwiOiJodHRwczpcL1wvbW9iaWxjby5lc1wvd3AtY29udGVudFwvdXBsb2Fkc1wvMjAyNVwvMDZcL2Jhbm8tbW9iaWxjby1ncmlzLW5lZ3JvLmpwZyIsInNsaWRlc2hvdyI6IjAzZThiMWQifQ%3D%3D\" href='https:\/\/mobilco.es\/wp-content\/uploads\/2025\/06\/bano-mobilco-gris-negro.jpg'><img loading=\"lazy\" decoding=\"async\" width=\"768\" height=\"768\" src=\"https:\/\/mobilco.es\/wp-content\/uploads\/2025\/06\/bano-mobilco-gris-negro-768x768.jpg\" class=\"attachment-medium_large size-medium_large\" alt=\"\" srcset=\"https:\/\/mobilco.es\/wp-content\/uploads\/2025\/06\/bano-mobilco-gris-negro-768x768.jpg 768w, https:\/\/mobilco.es\/wp-content\/uploads\/2025\/06\/bano-mobilco-gris-negro-300x300.jpg 300w, https:\/\/mobilco.es\/wp-content\/uploads\/2025\/06\/bano-mobilco-gris-negro-1024x1024.jpg 1024w, https:\/\/mobilco.es\/wp-content\/uploads\/2025\/06\/bano-mobilco-gris-negro-150x150.jpg 150w\" sizes=\"(max-width: 768px) 100vw, 768px\" \/><\/a>\n\t\t\t<\/div><\/figure><figure class='gallery-item'>\n\t\t\t<div class='gallery-icon portrait'>\n\t\t\t\t<a data-elementor-open-lightbox=\"yes\" data-elementor-lightbox-slideshow=\"03e8b1d\" data-elementor-lightbox-title=\"ba\u00f1os-mobilco-gris\" data-e-action-hash=\"#elementor-action%3Aaction%3Dlightbox%26settings%3DeyJpZCI6OTI5LCJ1cmwiOiJodHRwczpcL1wvbW9iaWxjby5lc1wvd3AtY29udGVudFwvdXBsb2Fkc1wvMjAyNVwvMDZcL2Jhbm9zLW1vYmlsY28tZ3Jpcy5qcGciLCJzbGlkZXNob3ciOiIwM2U4YjFkIn0%3D\" href='https:\/\/mobilco.es\/wp-content\/uploads\/2025\/06\/banos-mobilco-gris.jpg'><img loading=\"lazy\" decoding=\"async\" width=\"768\" height=\"768\" src=\"https:\/\/mobilco.es\/wp-content\/uploads\/2025\/06\/banos-mobilco-gris-768x768.jpg\" class=\"attachment-medium_large size-medium_large\" alt=\"\" srcset=\"https:\/\/mobilco.es\/wp-content\/uploads\/2025\/06\/banos-mobilco-gris-768x768.jpg 768w, https:\/\/mobilco.es\/wp-content\/uploads\/2025\/06\/banos-mobilco-gris-300x300.jpg 300w, https:\/\/mobilco.es\/wp-content\/uploads\/2025\/06\/banos-mobilco-gris-1024x1024.jpg 1024w, https:\/\/mobilco.es\/wp-content\/uploads\/2025\/06\/banos-mobilco-gris-150x150.jpg 150w\" sizes=\"(max-width: 768px) 100vw, 768px\" \/><\/a>\n\t\t\t<\/div><\/figure><figure class='gallery-item'>\n\t\t\t<div class='gallery-icon portrait'>\n\t\t\t\t<a data-elementor-open-lightbox=\"yes\" data-elementor-lightbox-slideshow=\"03e8b1d\" data-elementor-lightbox-title=\"ba\u00f1o-mobilco-oscuro\" data-e-action-hash=\"#elementor-action%3Aaction%3Dlightbox%26settings%3DeyJpZCI6OTIyLCJ1cmwiOiJodHRwczpcL1wvbW9iaWxjby5lc1wvd3AtY29udGVudFwvdXBsb2Fkc1wvMjAyNVwvMDZcL2Jhbm8tbW9iaWxjby1vc2N1cm8uanBnIiwic2xpZGVzaG93IjoiMDNlOGIxZCJ9\" href='https:\/\/mobilco.es\/wp-content\/uploads\/2025\/06\/bano-mobilco-oscuro.jpg'><img loading=\"lazy\" decoding=\"async\" width=\"768\" height=\"768\" src=\"https:\/\/mobilco.es\/wp-content\/uploads\/2025\/06\/bano-mobilco-oscuro-768x768.jpg\" class=\"attachment-medium_large size-medium_large\" alt=\"\" srcset=\"https:\/\/mobilco.es\/wp-content\/uploads\/2025\/06\/bano-mobilco-oscuro-768x768.jpg 768w, https:\/\/mobilco.es\/wp-content\/uploads\/2025\/06\/bano-mobilco-oscuro-300x300.jpg 300w, https:\/\/mobilco.es\/wp-content\/uploads\/2025\/06\/bano-mobilco-oscuro-1024x1024.jpg 1024w, https:\/\/mobilco.es\/wp-content\/uploads\/2025\/06\/bano-mobilco-oscuro-150x150.jpg 150w\" sizes=\"(max-width: 768px) 100vw, 768px\" \/><\/a>\n\t\t\t<\/div><\/figure><figure class='gallery-item'>\n\t\t\t<div class='gallery-icon portrait'>\n\t\t\t\t<a data-elementor-open-lightbox=\"yes\" data-elementor-lightbox-slideshow=\"03e8b1d\" data-elementor-lightbox-title=\"ba\u00f1o-mobilco-pila\" data-e-action-hash=\"#elementor-action%3Aaction%3Dlightbox%26settings%3DeyJpZCI6OTI0LCJ1cmwiOiJodHRwczpcL1wvbW9iaWxjby5lc1wvd3AtY29udGVudFwvdXBsb2Fkc1wvMjAyNVwvMDZcL2Jhbm8tbW9iaWxjby1waWxhLmpwZyIsInNsaWRlc2hvdyI6IjAzZThiMWQifQ%3D%3D\" href='https:\/\/mobilco.es\/wp-content\/uploads\/2025\/06\/bano-mobilco-pila.jpg'><img loading=\"lazy\" decoding=\"async\" width=\"768\" height=\"768\" src=\"https:\/\/mobilco.es\/wp-content\/uploads\/2025\/06\/bano-mobilco-pila-768x768.jpg\" class=\"attachment-medium_large size-medium_large\" alt=\"\" srcset=\"https:\/\/mobilco.es\/wp-content\/uploads\/2025\/06\/bano-mobilco-pila-768x768.jpg 768w, https:\/\/mobilco.es\/wp-content\/uploads\/2025\/06\/bano-mobilco-pila-300x300.jpg 300w, https:\/\/mobilco.es\/wp-content\/uploads\/2025\/06\/bano-mobilco-pila-1024x1024.jpg 1024w, https:\/\/mobilco.es\/wp-content\/uploads\/2025\/06\/bano-mobilco-pila-150x150.jpg 150w\" sizes=\"(max-width: 768px) 100vw, 768px\" \/><\/a>\n\t\t\t<\/div><\/figure><figure class='gallery-item'>\n\t\t\t<div class='gallery-icon portrait'>\n\t\t\t\t<a data-elementor-open-lightbox=\"yes\" data-elementor-lightbox-slideshow=\"03e8b1d\" data-elementor-lightbox-title=\"ba\u00f1os-mobilco-dise\u00f1o\" data-e-action-hash=\"#elementor-action%3Aaction%3Dlightbox%26settings%3DeyJpZCI6OTI4LCJ1cmwiOiJodHRwczpcL1wvbW9iaWxjby5lc1wvd3AtY29udGVudFwvdXBsb2Fkc1wvMjAyNVwvMDZcL2Jhbm9zLW1vYmlsY28tZGlzZW5vLmpwZyIsInNsaWRlc2hvdyI6IjAzZThiMWQifQ%3D%3D\" href='https:\/\/mobilco.es\/wp-content\/uploads\/2025\/06\/banos-mobilco-diseno.jpg'><img loading=\"lazy\" decoding=\"async\" width=\"768\" height=\"768\" src=\"https:\/\/mobilco.es\/wp-content\/uploads\/2025\/06\/banos-mobilco-diseno-768x768.jpg\" class=\"attachment-medium_large size-medium_large\" alt=\"\" srcset=\"https:\/\/mobilco.es\/wp-content\/uploads\/2025\/06\/banos-mobilco-diseno-768x768.jpg 768w, https:\/\/mobilco.es\/wp-content\/uploads\/2025\/06\/banos-mobilco-diseno-300x300.jpg 300w, https:\/\/mobilco.es\/wp-content\/uploads\/2025\/06\/banos-mobilco-diseno-1024x1024.jpg 1024w, https:\/\/mobilco.es\/wp-content\/uploads\/2025\/06\/banos-mobilco-diseno-150x150.jpg 150w\" sizes=\"(max-width: 768px) 100vw, 768px\" \/><\/a>\n\t\t\t<\/div><\/figure><figure class='gallery-item'>\n\t\t\t<div class='gallery-icon portrait'>\n\t\t\t\t<a data-elementor-open-lightbox=\"yes\" data-elementor-lightbox-slideshow=\"03e8b1d\" data-elementor-lightbox-title=\"ba\u00f1o-mobilco-rojo-negro\" data-e-action-hash=\"#elementor-action%3Aaction%3Dlightbox%26settings%3DeyJpZCI6OTI1LCJ1cmwiOiJodHRwczpcL1wvbW9iaWxjby5lc1wvd3AtY29udGVudFwvdXBsb2Fkc1wvMjAyNVwvMDZcL2Jhbm8tbW9iaWxjby1yb2pvLW5lZ3JvLmpwZyIsInNsaWRlc2hvdyI6IjAzZThiMWQifQ%3D%3D\" href='https:\/\/mobilco.es\/wp-content\/uploads\/2025\/06\/bano-mobilco-rojo-negro.jpg'><img loading=\"lazy\" decoding=\"async\" width=\"768\" height=\"768\" src=\"https:\/\/mobilco.es\/wp-content\/uploads\/2025\/06\/bano-mobilco-rojo-negro-768x768.jpg\" class=\"attachment-medium_large size-medium_large\" alt=\"\" srcset=\"https:\/\/mobilco.es\/wp-content\/uploads\/2025\/06\/bano-mobilco-rojo-negro-768x768.jpg 768w, https:\/\/mobilco.es\/wp-content\/uploads\/2025\/06\/bano-mobilco-rojo-negro-300x300.jpg 300w, https:\/\/mobilco.es\/wp-content\/uploads\/2025\/06\/bano-mobilco-rojo-negro-1024x1024.jpg 1024w, https:\/\/mobilco.es\/wp-content\/uploads\/2025\/06\/bano-mobilco-rojo-negro-150x150.jpg 150w\" sizes=\"(max-width: 768px) 100vw, 768px\" \/><\/a>\n\t\t\t<\/div><\/figure><figure class='gallery-item'>\n\t\t\t<div class='gallery-icon portrait'>\n\t\t\t\t<a data-elementor-open-lightbox=\"yes\" data-elementor-lightbox-slideshow=\"03e8b1d\" data-elementor-lightbox-title=\"ba\u00f1o-mobilco-tojo\" data-e-action-hash=\"#elementor-action%3Aaction%3Dlightbox%26settings%3DeyJpZCI6OTI2LCJ1cmwiOiJodHRwczpcL1wvbW9iaWxjby5lc1wvd3AtY29udGVudFwvdXBsb2Fkc1wvMjAyNVwvMDZcL2Jhbm8tbW9iaWxjby10b2pvLmpwZyIsInNsaWRlc2hvdyI6IjAzZThiMWQifQ%3D%3D\" href='https:\/\/mobilco.es\/wp-content\/uploads\/2025\/06\/bano-mobilco-tojo.jpg'><img loading=\"lazy\" decoding=\"async\" width=\"768\" height=\"768\" src=\"https:\/\/mobilco.es\/wp-content\/uploads\/2025\/06\/bano-mobilco-tojo-768x768.jpg\" class=\"attachment-medium_large size-medium_large\" alt=\"\" srcset=\"https:\/\/mobilco.es\/wp-content\/uploads\/2025\/06\/bano-mobilco-tojo-768x768.jpg 768w, https:\/\/mobilco.es\/wp-content\/uploads\/2025\/06\/bano-mobilco-tojo-300x300.jpg 300w, https:\/\/mobilco.es\/wp-content\/uploads\/2025\/06\/bano-mobilco-tojo-1024x1024.jpg 1024w, https:\/\/mobilco.es\/wp-content\/uploads\/2025\/06\/bano-mobilco-tojo-150x150.jpg 150w\" sizes=\"(max-width: 768px) 100vw, 768px\" \/><\/a>\n\t\t\t<\/div><\/figure><figure class='gallery-item'>\n\t\t\t<div class='gallery-icon portrait'>\n\t\t\t\t<a data-elementor-open-lightbox=\"yes\" data-elementor-lightbox-slideshow=\"03e8b1d\" data-elementor-lightbox-title=\"ba\u00f1o-mobilvo-madera\" data-e-action-hash=\"#elementor-action%3Aaction%3Dlightbox%26settings%3DeyJpZCI6OTI3LCJ1cmwiOiJodHRwczpcL1wvbW9iaWxjby5lc1wvd3AtY29udGVudFwvdXBsb2Fkc1wvMjAyNVwvMDZcL2Jhbm8tbW9iaWx2by1tYWRlcmEuanBnIiwic2xpZGVzaG93IjoiMDNlOGIxZCJ9\" href='https:\/\/mobilco.es\/wp-content\/uploads\/2025\/06\/bano-mobilvo-madera.jpg'><img loading=\"lazy\" decoding=\"async\" width=\"768\" height=\"768\" src=\"https:\/\/mobilco.es\/wp-content\/uploads\/2025\/06\/bano-mobilvo-madera-768x768.jpg\" class=\"attachment-medium_large size-medium_large\" alt=\"\" srcset=\"https:\/\/mobilco.es\/wp-content\/uploads\/2025\/06\/bano-mobilvo-madera-768x768.jpg 768w, https:\/\/mobilco.es\/wp-content\/uploads\/2025\/06\/bano-mobilvo-madera-300x300.jpg 300w, https:\/\/mobilco.es\/wp-content\/uploads\/2025\/06\/bano-mobilvo-madera-1024x1024.jpg 1024w, https:\/\/mobilco.es\/wp-content\/uploads\/2025\/06\/bano-mobilvo-madera-150x150.jpg 150w\" sizes=\"(max-width: 768px) 100vw, 768px\" \/><\/a>\n\t\t\t<\/div><\/figure><figure class='gallery-item'>\n\t\t\t<div class='gallery-icon portrait'>\n\t\t\t\t<a data-elementor-open-lightbox=\"yes\" data-elementor-lightbox-slideshow=\"03e8b1d\" data-elementor-lightbox-title=\"ba\u00f1o-mobilco-verde\" data-e-action-hash=\"#elementor-action%3Aaction%3Dlightbox%26settings%3DeyJpZCI6OTM5LCJ1cmwiOiJodHRwczpcL1wvbW9iaWxjby5lc1wvd3AtY29udGVudFwvdXBsb2Fkc1wvMjAyNVwvMDZcL2Jhbm8tbW9iaWxjby12ZXJkZS0ucG5nIiwic2xpZGVzaG93IjoiMDNlOGIxZCJ9\" href='https:\/\/mobilco.es\/wp-content\/uploads\/2025\/06\/bano-mobilco-verde-.png'><img loading=\"lazy\" decoding=\"async\" width=\"768\" height=\"768\" src=\"https:\/\/mobilco.es\/wp-content\/uploads\/2025\/06\/bano-mobilco-verde--768x768.png\" class=\"attachment-medium_large size-medium_large\" alt=\"\" srcset=\"https:\/\/mobilco.es\/wp-content\/uploads\/2025\/06\/bano-mobilco-verde--768x768.png 768w, https:\/\/mobilco.es\/wp-content\/uploads\/2025\/06\/bano-mobilco-verde--300x300.png 300w, https:\/\/mobilco.es\/wp-content\/uploads\/2025\/06\/bano-mobilco-verde--1024x1024.png 1024w, https:\/\/mobilco.es\/wp-content\/uploads\/2025\/06\/bano-mobilco-verde--150x150.png 150w\" sizes=\"(max-width: 768px) 100vw, 768px\" \/><\/a>\n\t\t\t<\/div><\/figure><figure class='gallery-item'>\n\t\t\t<div class='gallery-icon portrait'>\n\t\t\t\t<a data-elementor-open-lightbox=\"yes\" data-elementor-lightbox-slideshow=\"03e8b1d\" data-elementor-lightbox-title=\"ba\u00f1o-mobilco-bancada\" data-e-action-hash=\"#elementor-action%3Aaction%3Dlightbox%26settings%3DeyJpZCI6OTM4LCJ1cmwiOiJodHRwczpcL1wvbW9iaWxjby5lc1wvd3AtY29udGVudFwvdXBsb2Fkc1wvMjAyNVwvMDZcL2Jhbm8tbW9iaWxjby1iYW5jYWRhLmpwZyIsInNsaWRlc2hvdyI6IjAzZThiMWQifQ%3D%3D\" href='https:\/\/mobilco.es\/wp-content\/uploads\/2025\/06\/bano-mobilco-bancada.jpg'><img loading=\"lazy\" decoding=\"async\" width=\"768\" height=\"768\" src=\"https:\/\/mobilco.es\/wp-content\/uploads\/2025\/06\/bano-mobilco-bancada-768x768.jpg\" class=\"attachment-medium_large size-medium_large\" alt=\"\" srcset=\"https:\/\/mobilco.es\/wp-content\/uploads\/2025\/06\/bano-mobilco-bancada-768x768.jpg 768w, https:\/\/mobilco.es\/wp-content\/uploads\/2025\/06\/bano-mobilco-bancada-300x300.jpg 300w, https:\/\/mobilco.es\/wp-content\/uploads\/2025\/06\/bano-mobilco-bancada-1024x1024.jpg 1024w, https:\/\/mobilco.es\/wp-content\/uploads\/2025\/06\/bano-mobilco-bancada-150x150.jpg 150w\" sizes=\"(max-width: 768px) 100vw, 768px\" \/><\/a>\n\t\t\t<\/div><\/figure><figure class='gallery-item'>\n\t\t\t<div class='gallery-icon portrait'>\n\t\t\t\t<a data-elementor-open-lightbox=\"yes\" data-elementor-lightbox-slideshow=\"03e8b1d\" data-elementor-lightbox-title=\"ba\u00f1o-mobilco-verde-completo\" data-e-action-hash=\"#elementor-action%3Aaction%3Dlightbox%26settings%3DeyJpZCI6OTQwLCJ1cmwiOiJodHRwczpcL1wvbW9iaWxjby5lc1wvd3AtY29udGVudFwvdXBsb2Fkc1wvMjAyNVwvMDZcL2Jhbm8tbW9iaWxjby12ZXJkZS1jb21wbGV0by5qcGciLCJzbGlkZXNob3ciOiIwM2U4YjFkIn0%3D\" href='https:\/\/mobilco.es\/wp-content\/uploads\/2025\/06\/bano-mobilco-verde-completo.jpg'><img loading=\"lazy\" decoding=\"async\" width=\"768\" height=\"768\" src=\"https:\/\/mobilco.es\/wp-content\/uploads\/2025\/06\/bano-mobilco-verde-completo-768x768.jpg\" class=\"attachment-medium_large size-medium_large\" alt=\"\" srcset=\"https:\/\/mobilco.es\/wp-content\/uploads\/2025\/06\/bano-mobilco-verde-completo-768x768.jpg 768w, https:\/\/mobilco.es\/wp-content\/uploads\/2025\/06\/bano-mobilco-verde-completo-300x300.jpg 300w, https:\/\/mobilco.es\/wp-content\/uploads\/2025\/06\/bano-mobilco-verde-completo-1024x1024.jpg 1024w, https:\/\/mobilco.es\/wp-content\/uploads\/2025\/06\/bano-mobilco-verde-completo-150x150.jpg 150w\" sizes=\"(max-width: 768px) 100vw, 768px\" \/><\/a>\n\t\t\t<\/div><\/figure><figure class='gallery-item'>\n\t\t\t<div class='gallery-icon portrait'>\n\t\t\t\t<a data-elementor-open-lightbox=\"yes\" data-elementor-lightbox-slideshow=\"03e8b1d\" data-elementor-lightbox-title=\"mobilc-dise\u00f1o-ba\u00f1o-tocador\" data-e-action-hash=\"#elementor-action%3Aaction%3Dlightbox%26settings%3DeyJpZCI6OTQ0LCJ1cmwiOiJodHRwczpcL1wvbW9iaWxjby5lc1wvd3AtY29udGVudFwvdXBsb2Fkc1wvMjAyNVwvMDZcL21vYmlsYy1kaXNlbm8tYmFuby10b2NhZG9yLS5qcGciLCJzbGlkZXNob3ciOiIwM2U4YjFkIn0%3D\" href='https:\/\/mobilco.es\/wp-content\/uploads\/2025\/06\/mobilc-diseno-bano-tocador-.jpg'><img loading=\"lazy\" decoding=\"async\" width=\"768\" height=\"768\" src=\"https:\/\/mobilco.es\/wp-content\/uploads\/2025\/06\/mobilc-diseno-bano-tocador--768x768.jpg\" class=\"attachment-medium_large size-medium_large\" alt=\"\" srcset=\"https:\/\/mobilco.es\/wp-content\/uploads\/2025\/06\/mobilc-diseno-bano-tocador--768x768.jpg 768w, https:\/\/mobilco.es\/wp-content\/uploads\/2025\/06\/mobilc-diseno-bano-tocador--300x300.jpg 300w, https:\/\/mobilco.es\/wp-content\/uploads\/2025\/06\/mobilc-diseno-bano-tocador--1024x1024.jpg 1024w, https:\/\/mobilco.es\/wp-content\/uploads\/2025\/06\/mobilc-diseno-bano-tocador--150x150.jpg 150w\" sizes=\"(max-width: 768px) 100vw, 768px\" \/><\/a>\n\t\t\t<\/div><\/figure><figure class='gallery-item'>\n\t\t\t<div class='gallery-icon portrait'>\n\t\t\t\t<a data-elementor-open-lightbox=\"yes\" data-elementor-lightbox-slideshow=\"03e8b1d\" data-elementor-lightbox-title=\"mobilco-dise\u00f1o-ba\u00f1os-u\u00f1ero\" data-e-action-hash=\"#elementor-action%3Aaction%3Dlightbox%26settings%3DeyJpZCI6OTQ2LCJ1cmwiOiJodHRwczpcL1wvbW9iaWxjby5lc1wvd3AtY29udGVudFwvdXBsb2Fkc1wvMjAyNVwvMDZcL21vYmlsY28tZGlzZW5vLWJhbm9zLXVuZXJvLmpwZyIsInNsaWRlc2hvdyI6IjAzZThiMWQifQ%3D%3D\" href='https:\/\/mobilco.es\/wp-content\/uploads\/2025\/06\/mobilco-diseno-banos-unero.jpg'><img loading=\"lazy\" decoding=\"async\" width=\"768\" height=\"768\" src=\"https:\/\/mobilco.es\/wp-content\/uploads\/2025\/06\/mobilco-diseno-banos-unero-768x768.jpg\" class=\"attachment-medium_large size-medium_large\" alt=\"\" srcset=\"https:\/\/mobilco.es\/wp-content\/uploads\/2025\/06\/mobilco-diseno-banos-unero-768x768.jpg 768w, https:\/\/mobilco.es\/wp-content\/uploads\/2025\/06\/mobilco-diseno-banos-unero-300x300.jpg 300w, https:\/\/mobilco.es\/wp-content\/uploads\/2025\/06\/mobilco-diseno-banos-unero-1024x1024.jpg 1024w, https:\/\/mobilco.es\/wp-content\/uploads\/2025\/06\/mobilco-diseno-banos-unero-150x150.jpg 150w\" sizes=\"(max-width: 768px) 100vw, 768px\" \/><\/a>\n\t\t\t<\/div><\/figure><figure class='gallery-item'>\n\t\t\t<div class='gallery-icon portrait'>\n\t\t\t\t<a data-elementor-open-lightbox=\"yes\" data-elementor-lightbox-slideshow=\"03e8b1d\" data-elementor-lightbox-title=\"mobilco-ba\u00f1os-dise\u00f1o-propio\" data-e-action-hash=\"#elementor-action%3Aaction%3Dlightbox%26settings%3DeyJpZCI6OTQ1LCJ1cmwiOiJodHRwczpcL1wvbW9iaWxjby5lc1wvd3AtY29udGVudFwvdXBsb2Fkc1wvMjAyNVwvMDZcL21vYmlsY28tYmFub3MtZGlzZW5vLXByb3Bpby5qcGciLCJzbGlkZXNob3ciOiIwM2U4YjFkIn0%3D\" href='https:\/\/mobilco.es\/wp-content\/uploads\/2025\/06\/mobilco-banos-diseno-propio.jpg'><img loading=\"lazy\" decoding=\"async\" width=\"768\" height=\"768\" src=\"https:\/\/mobilco.es\/wp-content\/uploads\/2025\/06\/mobilco-banos-diseno-propio-768x768.jpg\" class=\"attachment-medium_large size-medium_large\" alt=\"\" srcset=\"https:\/\/mobilco.es\/wp-content\/uploads\/2025\/06\/mobilco-banos-diseno-propio-768x768.jpg 768w, https:\/\/mobilco.es\/wp-content\/uploads\/2025\/06\/mobilco-banos-diseno-propio-300x300.jpg 300w, https:\/\/mobilco.es\/wp-content\/uploads\/2025\/06\/mobilco-banos-diseno-propio-1024x1024.jpg 1024w, https:\/\/mobilco.es\/wp-content\/uploads\/2025\/06\/mobilco-banos-diseno-propio-150x150.jpg 150w\" sizes=\"(max-width: 768px) 100vw, 768px\" \/><\/a>\n\t\t\t<\/div><\/figure>\n\t\t<\/div>\n\t\t<\/div>\n\t\t\t\t\t\t<\/div>\n\t\t\t\t<\/div>\n\t\t\t\t\t<\/div>\n\t\t<\/div>\n\t\t\t\t\t<\/div>\n\t\t<\/section>\n\t\t\t\t<section class=\"elementor-section elementor-top-section elementor-element elementor-element-9646ec5 aux-appear-watch-animation aux-fade-in-up elementor-section-boxed elementor-section-height-default elementor-section-height-default\" data-id=\"9646ec5\" data-element_type=\"section\">\n\t\t\t\t\t\t<div class=\"elementor-container elementor-column-gap-default\">\n\t\t\t\t\t\t<\/div>\n\t\t<\/section>\n\t\t\t\t<\/div>\n\t\t","protected":false},"excerpt":{"rendered":"<p>Muebles de Ba\u00f1o<\/p>\n","protected":false},"author":1,"featured_media":0,"parent":0,"menu_order":0,"comment_status":"closed","ping_status":"closed","template":"templates\/page-builder-content.php","meta":{"footnotes":""},"class_list":["post-155","page","type-page","status-publish","hentry"],"_links":{"self":[{"href":"https:\/\/mobilco.es\/index.php?rest_route=\/wp\/v2\/pages\/155","targetHints":{"allow":["GET"]}}],"collection":[{"href":"https:\/\/mobilco.es\/index.php?rest_route=\/wp\/v2\/pages"}],"about":[{"href":"https:\/\/mobilco.es\/index.php?rest_route=\/wp\/v2\/types\/page"}],"author":[{"embeddable":true,"href":"https:\/\/mobilco.es\/index.php?rest_route=\/wp\/v2\/users\/1"}],"replies":[{"embeddable":true,"href":"https:\/\/mobilco.es\/index.php?rest_route=%2Fwp%2Fv2%2Fcomments&post=155"}],"version-history":[{"count":47,"href":"https:\/\/mobilco.es\/index.php?rest_route=\/wp\/v2\/pages\/155\/revisions"}],"predecessor-version":[{"id":961,"href":"https:\/\/mobilco.es\/index.php?rest_route=\/wp\/v2\/pages\/155\/revisions\/961"}],"wp:attachment":[{"href":"https:\/\/mobilco.es\/index.php?rest_route=%2Fwp%2Fv2%2Fmedia&parent=155"}],"curies":[{"name":"wp","href":"https:\/\/api.w.org\/{rel}","templated":true}]}}